11 + 10. Determine q(s).
-8
Let l(d) be the first derivative of -2 - 1/2*d**2 + d - 2*d**3 - 1/4*d**4. What is l(-6)?
7
Let x(b) = -9*b + 5. Let m(y) = 4*y - 2. Let z(g) = -5*m(g) - 2*x(g). Give z(0).
0
Let f = 59 + -36. Let j = f + -23. Let g(y) = -y**3 - 1. Determine g(j).
-1
Let f(w) = 5 + w**3 + 4*w + 2*w**2 - 8*w**2 + 0*w**2. Let c(l) = -l**3 - 7*l**2 + 4. Let v be c(-7). Give f(v).
-11
Let g(c) = -4*c + 31. Let r(w) = -2*w**2 - 2*w + 2. Let l be r(-2). Let f(i) = -i + 6. Let z(u) = l*g(u) + 11*f(u). What is z(3)?
-5
Let b = -5 + 10. Suppose -2*n = -1 + b. Let a(h) = 2*h + 0 + h**3 + 3*h**2 + 0 + h**3. Give a(n).
-8
Let r(o) = -1 + 3*o**2 - o - 10*o**2 + 0 + 3*o. Determine r(1).
-6
Let n be (-86)/(-18) - (-4)/18. Suppose -n*f = -4*f. Let l(q) = q**2 + q + 10. What is l(f)?
10
Let d(i) = i**3 - 9*i**2 + 8*i + 5. Let b be d(8). Let y(u) = -7*u - 4*u**2 + u**3 + 7 - 2*u**3 + 2*u**3. Give y(b).
-3
Let j(d) = d**2 - d. Let r(f) = 10*f - 3*f**2 + 0*f + 1 + 2 + 2. Let x(t) = 2*j(t) + r(t). Calculate x(7).
12
Let l(c) = -5*c**3 - c**2. Suppose -2*u + 6 = -0. Let k = u + -2. Give l(k).
-6
Let v(p) = p - 5. Suppose 3 + 6 = 5*m + 2*t, -t + 12 = 5*m. Calculate v(m).
-2
Let w(j) = 31*j**2. Let r(u) = 17*u**2. Let p(q) = 11*r(q) - 6*w(q). Let h(m) = m**3 - 4*m**2 - 4*m - 6. Let z be h(5). Let b be ((0/1)/2)/z. What is p(b)?
0
Let x = -21 + 24. Let s(g) be the second derivative of -1/6*g**x + g + 0 + 1/2*g**2. Determine s(-3).
4
Let y(t) = t**2 - t + 1 + t. Let r(v) = -v**3 - 6*v**2 - 4*v + 6. Let g = -2 + -3. Let d be r(g). Determine y(d).
2
Let y = 0 - -3. Let r = 4 + -2. Let b(d) = 2*d + 2*d**3 + r*d**2 + 2 - 3*d**3 + 2. Give b(y).
1
Let q(c) = 5*c + 1. Let p(h) = h**2 + 27*h + 27. Let b be p(-26). Determine q(b).
6
Let k(f) = f**2 + 0*f - 5*f + 0*f**2. Let w = 24 + -15. Let h = w + -4. Determine k(h).
0
Suppose 0 = 3*x - 13 + 4. Let w be (x/(-4))/((-5)/(-20)). Let z(i) = -i + 2. What is z(w)?
5
Let o(p) = -2*p**3 - 5*p**2 + 4*p + 1. Let h(r) = r**3 + r**2 - 1. Let d(n) = 3*h(n) + o(n). What is d(2)?
6
Let w(n) = -n**2 - n + 1. Let x be w(2). Let k(a) = a**2 + 3*a - 7. What is k(x)?
3
Let p(w) = -w - 1. Suppose -3*d = -7*d + 16. Let b(x) = 8 + 6 - x + 3 - 22. Let g(u) = d*p(u) - b(u). Calculate g(-1).
4
Let i(p) = 1. Let m(h) = -2*h + 10. Let l(x) = -22*i(x) + 2*m(x). Let y = -2 - -4. Determine l(y).
-10
Let j(z) = 2*z + 6. Let p(n) = -26 - 5 - 17 - 15*n. Let v(m) = 33*j(m) + 4*p(m). Give v(-4).
-18
Let w(r) = r + 8. Let l(j) = -j**3 + 2*j**2 + 3*j - 2. Let m be l(2). Suppose 0 = -2*q + 4*u - 2, -10 = m*q - 7*u + 2*u. What is w(q)?
3
Let h(p) = 1 - p**2 - 2*p**2 + 4*p**2. Let a(w) = 15*w**2 - 3*w + 12. Let l(q) = a(q) - 12*h(q). Let u(v) = -2*v - 4. Let j be u(-3). What is l(j)?
6
Let m(n) be the third derivative of -n**5/60 + n**4/3 - 3*n**3/2 + 9*n**2. Calculate m(7).
-2
Let s = 188 + -193. Let z(r) = r**2 + 7*r + 5. What is z(s)?
-5
Let s(f) = f**2 + 4*f - 4. Let z(a) = -a**3 + 8*a**2 + a - 5. Let w be z(8). Suppose 0 = h - w*h - 10. What is s(h)?
1
Let y(c) be the second derivative of c**4/12 - 5*c**3/6 + c**2 + 21*c. Give y(4).
-2
Let h(k) be the third derivative of k**6/120 + k**5/30 + k**4/12 + k**3/2 - 14*k**2. Give h(-2).
-1
Suppose -15*k + 0 - 15 = 0. Let b(v) be the second derivative of -v**4/3 + v**3/6 + 2*v. What is b(k)?
-5
Let i(c) = c**2 + c - 3. Let u(y) = -1 + 3 + 1 - 4. Let s(p) = 2*i(p) - 7*u(p). Determine s(-2).
5
Let j(y) = 3*y**2 + 1. Let k(l) = -l + 3*l + 3*l + 4*l**2 - 6*l. Let n(g) = -5*j(g) + 4*k(g). Give n(5).
0
Let r(k) = k - 7. Let b = -49 - -53. Determine r(b).
-3
Let v = 1 + 1. Let x(q) be the second derivative of 0 + 1/3*q**4 + 3*q - 1/3*q**3 - 3/20*q**5 + 0*q**2. What is x(v)?
-12
Let m(i) = -i**2 + 4*i + 4. Let u be m(4). Suppose 0 = z - 5*z - u. Let k(r) = 5*r + 4. Let t(f) = 1. Let l(v) = -k(v) + 3*t(v). Calculate l(z).
4
Let o(r) be the third derivative of -r**6/120 + 7*r**5/60 + r**3/3 + 5*r**2. Give o(7).
2
Let x = 1 - -1. Let y = x + 0. Let t(o) = -3*o**y + o**3 - o - 4*o + 4*o. Give t(3).
-3
Let r(p) = 2*p + 4. Let y be (-1)/(-4) - (-38)/8. Let w be 8/(-4)*y/(-1). Let u = -15 + w. Give r(u).
-6
Let b be 28/(-6) - 1/3. Let i be 1 + -1 + 8 + b. Let x(y) = 3*y**2 + i - y**2 - 3*y + 9*y**3 + y - 2. Calculate x(1).
10
Let u(l) = -4*l**2 + l - 3. Let q(m) = 10*m**2 + 5*m + 8. Let b(o) = -5*o**2 - 3*o - 4. Let s(d) = -5*b(d) - 3*q(d). Let z(i) = 3*s(i) - 4*u(i). Calculate z(3).
-3
Suppose m - 54 = 4*m. Let v = -12 - m. Let y(x) = x**2 - 6*x - 8. Determine y(v).
-8
Let i(q) = q - 17. Suppose -3*o - 5*y + 30 = -16, 29 = 2*o + 3*y. Determine i(o).
-10
Let x = -133 - -129. Let c(z) = -z**3 - 5*z**2 - 4*z - 4. Give c(x).
-4
Let t be ((-4)/(-2))/((-2)/6). Let z be t/(-4)*4/(-2). Let k(y) = 2*y**2 + 2*y + 1. Determine k(z).
13
Suppose -1 = -0*v - v. Let f be v + 5/((-5)/2). Let u(l) = -3*l**2 + 2*l + 1. What is u(f)?
-4
Let c(n) = -2*n + 2. Let o be c(-1). Let l(d) = -2*d**2 + 5*d - 3. What is l(o)?
-15
Let f = -4 - -14. Suppose 8*n = 3*n + f. Let h(r) = r + 0*r**3 - n*r**2 - 4*r**3 + r**3. Calculate h(1).
-4
Let x(z) = -z**3 - 1 + 3 + 2*z**2 - z**2. Suppose 8*s + 1 = 17. Calculate x(s).
-2
Let x = 16 + -10. Suppose -2*p - 24 = -x*p. Let m(r) = 0*r - p*r + 0*r + 5*r. Calculate m(6).
-6
Let r(f) be the first derivative of f**4/2 + f - 7. Let j be (-2 - -3)*(0 - 1). What is r(j)?
-1
Let l be 0/(4 + -2 - 1). Let t(d) be the third derivative of -1/2*d**3 - 2*d**2 + 0 + l*d - 1/24*d**4 + 1/120*d**6 - 1/60*d**5. Calculate t(0).
-3
Let s(o) = 9*o + 6. Let f(x) = 18*x + 11. Let h(g) = -4*f(g) + 7*s(g). Determine h(2).
-20
Let w(i) = 7*i**2 + 2*i + 1. Let a(n) = -n**2 + 4*n - 2. Let m(u) = -4*u**2 + 11*u - 6. Let f(h) = -17*a(h) + 6*m(h). Let k(b) = -2*f(b) - 3*w(b). What is k(1)?
-8
Suppose -2*u = -u - 5. Suppose -u*i - 7 = 8. Let n(g) be the first derivative of g**2/2 + g - 2. Give n(i).
-2
Let m(s) = -s**2 - 6*s - 4. Suppose 4*d = 5*f - 0*d - 7, f + d = 5. Let n = -5 + f. Let q be (n + 36/15)*-10. What is m(q)?
4
Let j be -2 - ((-8 - -4) + -4). Let x(a) = 2*a + 3. Calculate x(j).
15
Let y(j) = j**3 - 5*j**2 - 9*j + 14. Let a be y(6). Let p(k) = -2*k**2 - 4*k + 1. What is p(a)?
-15
Let x(w) be the second derivative of w**3/6 - 7*w**2/2 + 3*w. Suppose 0 = -4*m - 3*z + 32, 4*m - 3*z - z - 4 = 0. Calculate x(m).
-2
Suppose 0 = 2*m - 4*m - 5*w + 6, -3*m + 9 = 4*w. Suppose m*s = -9 + 3. Let f(y) = 2*y**2 - 5. Let u(c) = -c**2 - c + 1. Let q(i) = -f(i) - 3*u(i). Give q(s).
0
Let r = 0 + 0. Let q(j) = -j**2 - 4*j - 1. Let a be q(-3). Let x(n) = 5*n - a*n - 2 - 2*n + 10. Calculate x(r).
8
Let q be 7/(-2) - 2/(-4). Let b = 6 - q. Let y(v) = 3*v**2 + 4*v + 1. Let i(j) = 6*j**2 + 9*j + 2. Let n(d) = b*y(d) - 4*i(d). Determine n(-1).
4
Let w(z) = 5*z + 5. Let j(s) = s + 1. Let u(a) = -6*j(a) + w(a). Let q = 5 - -1. Let r = q + -4. Calculate u(r).
-3
Let i be 0 + 2/((-2)/(-3)). Suppose 0 = i*g - 0*g - 3. Let v = 0 - g. Let w(q) = -5*q + 1. What is w(v)?
6
Let c(v) = -2*v + 6. Suppose 0 = -f - 3*f + 4*k + 32, 0 = 2*f - 4*k - 24. Let p = 7 - f. Suppose -5*n = p - 23. Give c(n).
-2
Let u(k) = -k**2 + 10*k + 13. Suppose 147 + 51 = 18*g. Determine u(g).
2
Let t(z) be the second derivative of z**4/12 - z**3/3 - 5*z. Give t(3).
3
Let h(d) = -d**3 + 6*d**2 - 6*d - 1. Suppose -2*v + v = -6. Let u = 2 + v. Let w = 13 - u. Calculate h(w).
-6
Let l(u) = u**3 - 7*u**2 - 6. Suppose 15*q = 77 + 28. What is l(q)?
-6
Let h(c) be the second derivative of -9*c**5/20 + 3*c. Give h(-1).
9
Let t(z) = 4*z + 21. Let w be t(-4). Let r(b) = -b**2 + 6*b - 7. Determine r(w).
-2
Suppose 26 = 4*x + 2*l, x + 2*l + l - 19 = 0. Let o(y) = -3*y + y**3 - 2*y**2 - 2*y + x*y + y**2. Determine o(0).
0
Let z(j) = -2*j**2 + j. Let r(t) = 4*t**2 - 2*t. Let h(v) = 3*r(v) + 5*z(v). Let f(x) = 3*x - 17. Let w be f(6). What is h(w)?
1
Let t(n) = -2*n + 1. Let i(o) = o**3 - 13*o**2 - 14*o - 3. Let h be i(14). Let f be 5*h/20*-4. Calculate t(f).
-5
Let v(h) = h**3 - 7*h**2 + 1. Let a be v(7). Let k(p) = 16*p**3 - p**2 + p - 1. Give k(a).
15
Let l(u) be the second derivative of u**3/6 - u**2/2 + 11*u. What is l(-6)?
-7
Let v be 2/9*3*9. Let u(r) = -11*r + 4. Let c(f) = 4*f - 1. Let b(q) = v*u(q) + 17*c(q). Calculate b(-6).
-5
Let l(k) = -k**2 - 2*k + 3. Suppose 2*z = 10, 3*z + 7 - 16 